 828*m**2 - m - 7. Let l(v) = 3*a(v) - 2*u(v). What is the tens digit of l(-1)?
3
Let q(a) = -2*a**2 + 2*a**3 + 208 - 4*a**3 + 3*a**3 - 2*a**3 - 2*a. Let c be q(0). What is the hundreds digit of c + ((-8)/(-4) - 0)?
2
What is the hundreds digit of 1527475/35 + 33/(-231) - (-12)/(-2)?
6
Let l be (0/2)/(10 - 9). Suppose 2*p - 17 = 3*a, l = -5*p - 2*a - 6 + 1. What is the units digit of p?
1
Let c = -29683 + 63837. What is the units digit of c?
4
Let q = 126 - -22117. What is the thousands digit of q?
2
Let l = -96 + 163. Suppose -8 = k - l. What is the tens digit of k?
5
Suppose 946 = -7*c - 1287. What is the tens digit of 9/(-6)*(-2 - 0) - c?
2
Suppose a = n - 0*n - 446, -4*n + 1802 = 5*a. Suppose -10*z + n = -6*z. Suppose -z + 727 = 5*o. What is the hundreds digit of o?
1
Suppose -18*h - 52 = 2. Let a(k) = -5*k**3 - k**2 - 6*k - 8. What is the hundreds digit of a(h)?
1
Suppose -j + 5388 = -5*z, 65*j - 61*j = -4*z + 21480. What is the units digit of j?
3
Let h(a) = 37*a + 58. Let q(o) = -34*o - 56. Let g(z) = -5*h(z) - 6*q(z). What is the tens digit of g(15)?
3
Let r(f) = -f**3 + 4*f**2 - 5*f + 2. Let q be r(2). What is the hundreds digit of q + 254 - (3 + -4)?
2
What is the thousands digit of (-672)/(-3024) - (-263786)/18?
4
Let b = 104031 - 61795. What is the units digit of b?
6
Suppose 6*b - 372 = 2*b. Let h(t) = t**2 - 2*t + 63. Let d be h(0). Let k = b - d. What is the units digit of k?
0
Let t = 1627 - -920. Suppose 6*x = 1455 + t. What is the tens digit of x?
6
Let z = -104 + 115. Suppose -226 = -13*h + z*h. What is the hundreds digit of h?
1
Suppose 8*p - 5*p = 27. Let l(v) = 2*v**2 - v + 1. Let r(c) = 7*c**2 + 2*c - 16. Let g(q) = 4*l(q) - r(q). What is the units digit of g(p)?
7
Let w = 7117 + -653. What is the hundreds digit of w?
4
Let q(s) = 2*s**2 + 163*s + 5938. What is the tens digit of q(-78)?
9
Let f be 2/6*-3*-46. What is the hundreds digit of 4*f - ((-4)/4 - -3)?
1
Let r(v) = -19*v**2 + v**3 + 74 + 5*v**2 - 26 + 2*v. Let s(q) = -q**3 + 14*q**2 - q - 49. Let h(a) = -4*r(a) - 3*s(a). What is the units digit of h(13)?
9
Let s(r) = 8*r**2 - 58*r + 1486. What is the units digit of s(31)?
6
Suppose -2*v + 164 = -5*w + v, -v = w + 36. Let s = w + 36. Suppose n = 3*c - 2*n - 186, s*n = -4*c + 224. What is the tens digit of c?
5
Suppose -7*v + 2*v = -105. Suppose y = -3*q - v, -3*q - 25 = 2*q. Let i(p) = -5*p - 27. What is the units digit of i(y)?
3
Suppose 23 + 181 = 34*b. Let m(c) = 5*c**2 + 14*c - 38. What is the tens digit of m(b)?
2
Let c(j) = 559*j - 1396. What is the thousands digit of c(27)?
3
Suppose -28*k = -33*k - 20. What is the tens digit of 3 - -220 - (-7 - k)?
2
Let d(i) = 53*i**2 - 34*i - 51. Let z be d(-15). Suppose 9*y - z = -9*y. What is the tens digit of y?
8
Suppose 0 = 44*w - 1744289 - 485147. What is the thousands digit of w?
0
Let n(p) = -17*p**2 - 2*p - 1. Let d be n(-1). What is the tens digit of (356/d + 2)*-20?
0
Let p be 1*10/(-15)*-3. Suppose 4*b = 8*b + p*s - 2648, -b + 5*s = -673. What is the hundreds digit of b?
6
Suppose -13*r - 10*y = -12*r - 46521, -5*y = 35. What is the units digit of r?
1
Suppose 28*n + 8346 - 121466 = 0. What is the thousands digit of n?
4
Suppose -14*s + 11*s = -8*s + 58805. What is the hundreds digit of s?
7
Let j be 2/3 - ((-374400)/27)/(-13). Let t = j + 1961. What is the tens digit of t?
9
Suppose 1236 + 3606 = 9*l. Let b = -278 + l. What is the units digit of b?
0
Let j = 3900 + -142. What is the units digit of j?
8
Suppose -1996 = -33*r - 82. Suppose -r*l + 9632 = -42*l. What is the hundreds digit of l?
6
Let l(h) = h - 9. Let o be l(12). Suppose o - 28 = -5*j. Suppose j*p + 21 = 121. What is the units digit of p?
0
Suppose m = z - 25239, 8*z - 3*z - 126180 = 2*m. What is the units digit of z?
4
Let k(t) = -393*t**3 - t**2 + 168*t + 644. What is the ten thousands digit of k(-4)?
2
Suppose 0 = -2*v + 2*z + 38, 85 = 5*v + 5*z - 50. Suppose 5*u + 5*h - 85 = 0, 0 = u - h + 4*h - v. Suppose -12*k - 240 = -u*k. What is the hundreds digit of k?
1
Let p = 39649 - 8293. What is the hundreds digit of p?
3
Let b(d) = -2*d**3 + d**2 - 2*d - 3. Let a be b(-1). Let j be 2*2/a + (69 - -3). Suppose 0 = -i + 9 + j. What is the units digit of i?
3
Let h(u) be the third derivative of u**6/120 + u**5/3 - 11*u**4/12 - 19*u**3/6 - 7*u**2 - 25*u. What is the hundreds digit of h(-11)?
3
Let l(a) = -a + 1. Let v(y) be the first derivative of -3*y**3 + 2*y**2 - 4*y - 9. Let k(c) = -6*l(c) - v(c). What is the units digit of k(-4)?
4
Let t = 857 + 4697. What is the hundreds digit of t?
5
Let n be (3 - (-42)/10)*(-40)/(-16). Suppose n*t - 3499 - 17201 = 0. What is the tens digit of t?
5
What is the hundreds digit of (39 + -22)*222/(-3 - -5)?
8
Let m(r) = -806*r**3 + 3*r**2 - 21. What is the thousands digit of m(-2)?
6
Let q be 8/116 - 22708/(-406). Let a(g) = g**3 - 5*g**2 - 5*g + 8. Let d be a(6). What is the tens digit of d + 1/3 + q/(-24)?
1
Suppose -705*u + 703*u + 3878 = 0. What is the units digit of u?
9
Suppose -17 = -11*k + 12*k + 2*j, 3*k + 73 = 5*j. Suppose -5*f = -f + 2*i - 136, 0 = 3*i - 6. Let o = f + k. What is the tens digit of o?
1
Let h be (-9)/(-5) + (-32)/(-160). Let r be (-1 - (-72 - 0)) + -1. What is the hundreds digit of (r/(-147) + h/14)*-327?
1
Let f(w) = -w**3 - 7*w**2 - 4*w + 10. Let z(x) = x - 6. Let k be z(0). Let b be f(k). Let a(i) = 7*i**2 - 6*i - 7. What is the units digit of a(b)?
3
Let l(b) = 37*b**2 + 70*b + 537. What is the tens digit of l(34)?
8
Suppose 1398400 = 2372*o - 2296*o. What is the ten thousands digit of o?
1
What is the thousands digit of 0 + 738568/36 + 7*8/252?
0
Let h(v) = -42*v**2 + 3*v + 21. Let k be h(4). What is the units digit of k/(-12) + 13/(-52)?
3
Let h(n) = 13*n - 4. Suppose -4*p + 2 = -2*b - 18, 0 = -p - 2*b - 5. Let f be 1/(p/42*2). What is the units digit of h(f)?
7
Suppose -2*b + 6*b = 16. Let u(p) = -17 - 10 - 42*p - 14 - b. What is the hundreds digit of u(-5)?
1
Suppose -6*u + 111392 = -2*u - 14572. What is the units digit of u?
1
Suppose -2*i + 2*f = -20, -3*f + 2*f = 2*i - 17. Let j(c) = 115*c - 107. Let p(u) = -14*u + 13. Let t(w) = -6*j(w) - 51*p(w). What is the tens digit of t(i)?
9
Let c(m) = m**3 - 47*m**2 - 3*m + 143. Let z be c(47). Suppose z*h - 952 = -6*b, 5*h + 5*b - 2330 = -0*h. What is the hundreds digit of h?
4
Suppose -5*x = -r - 10, x + 34 = 5*r + 4*x. Suppose 3*a - 4*p = -181, -a - 60 = r*p - 6*p. Let m = 72 + a. What is the units digit of m?
3
Let t = -8859 + 13726. What is the thousands digit of t?
4
Let g(b) = 4295*b - 1684. What is the tens digit of g(2)?
0
Suppose 4*c - 5*c = 0. Let k = -358 - -833. Suppose -5*j - 35 + k = c. What is the tens digit of j?
8
Suppose 4*j + 4*i = 94832, 5*j - 28*i - 118543 = -32*i. What is the hundreds digit of j?
7
Let w(a) = 33*a**2 + 1049*a - 132. What is the tens digit of w(-52)?
5
Suppose 49*v = 33*v + 24*v - 80048. What is the thousands digit of v?
0
Let z = 54141 + -29725. What is the units digit of z?
6
Let b(s) = 8883*s**3 + 12*s + 16. Let d be b(-2). What is the units digit of d/(-80) + 2/(-5)?
8
Suppose 4*g + 9 = 1, -956 = -5*v + 3*g. Suppose 0 = v*m - 192*m + 642. Let k = 452 - m. What is the units digit of k?
1
Suppose r + 13904 - 1799 = 2*y, 0 = -r - 1. Suppose -647 = -11*g + y. What is the hundreds digit of g?
6
What is the ten thousands digit of ((-3)/((-24)/580) + -3 + 6)*178?
1
Suppose 0 = 4*u + l - 1287, -5*u - 3*l + 1390 + 217 = 0. Suppose 4*y - 2*o + u = 1482, -2*y + 578 = -2*o. What is the tens digit of y?
9
Let v be -1 - -2*(4 - (-18)/(-12)). Suppose 3*p - 3*g = p + 1951, 5*g + 3899 = v*p. What is the units digit of p?
1
Suppose -122*l = 393474 - 593162 - 584040. What is the units digit of l?
4
Suppose 4*r - 4*d - 24 = 0, 0 = -3*r - r - 4*d. Let c(v) = 22*v**3 - 3*v**2 + 5*v - 9. What is the tens digit of c(r)?
7
Let h(o) = 10*o + 60. Let g be h(-8). Let p be g/130 + 1/(13/5176). Suppose 0 = -5*x - t + 5*t + p, 4*x - 302 = -5*t. What is the units digit of x?
8
Suppose 10 + 86 = -8*z. Let p be 6/z - (-1342)/4. Let q = p - 160. What is the tens digit of q?
7
Let k(r) be the second derivative of -241*r**4/12 - r**3/2 + r**2 - 2*r. Let u be k(1). Let t = -151 - u. What is the units digit of t?
1
Let p(y) = -2*y**2 - 32*y + 34. Let x be p(-17). Suppose 7*j - 5